pose 60 = -x + 5*x. Suppose -x = -l - b, -l + 3*l = 4*b. Let m be (-358)/(-6) - 1/(-3). Calculate the greatest common factor of l and m.
10
Let o be -1 - -3 - ((-4 - -6) + -25). What is the greatest common divisor of 200 and o?
25
Let s be -66 + 2 + (-1)/(-1). Let g = s - -30. Let c = 99 - g. Calculate the greatest common factor of 12 and c.
12
Suppose 3*c + 28 = 4*c - 4*f, -5*c + 216 = -f. What is the greatest common divisor of c and 4?
4
Let n(w) = w**2 - w + 131. Let s be (2 - 2)/(1 - -1). Let g be n(s). Suppose p - g = 4. Calculate the highest common factor of 15 and p.
15
Let q(f) = 3*f - 52. Let a be q(23). Calculate the highest common divisor of a and 187.
17
Let r(f) = -f**3 + f**2 + 2*f + 11. Let w be r(0). Calculate the highest common divisor of 132 and w.
11
Let x be (0/(-2) + -6)/(-1). Suppose 4*n - 3*n + 4 = 0, 0 = -2*s + 5*n + 80. Calculate the highest common divisor of s and x.
6
Suppose -2*z + 2 = -4*t, 5*t + 5 = 2*z + 2. Let l be ((-6)/4)/(z/2). Calculate the highest common factor of l and 24.
3
Suppose -5*s + 103 = -622. Suppose 4*p = 3*b - 79 - 16, 147 = 5*b - p. What is the greatest common divisor of s and b?
29
Let b = 32 - 20. Calculate the highest common divisor of b and 108.
12
Let j be (2 - 4) + 1*33. Suppose 2*y - 5*d - j = 0, -5*y - 3*d = -0*d. Suppose -5*g + 43 = y. What is the greatest common factor of 2 and g?
2
Let g = -15 + 21. Let k be 3/(((-2)/(-2))/1). Calculate the greatest common factor of g and k.
3
Let b(y) be the second derivative of y**4/3 + y**2 - y. Let j be b(2). Let r = -5 + 11. Calculate the highest common divisor of r and j.
6
Let c(a) = -a**3 - 3*a**2 + 5*a + 6. Let u = 12 - 2. Let s = -14 + u. Let o be c(s). Calculate the highest common factor of 14 and o.
2
Suppose -3*r = 4*n - 127, -4*r - 89 = -3*n - 5*r. Suppose -5*d = -d - 52. Let s = n - d. Calculate the greatest common factor of 5 and s.
5
Let v(r) = -r**2 - 6*r - 4. Let b be v(-6). Let x = b + 9. Calculate the highest common divisor of 40 and x.
5
Let x(z) = 2*z**3 - 5*z**2 + 5*z - 4. Let f be x(3). Let y = f + -5. What is the highest common divisor of y and 15?
15
Suppose 204 = 2*f + 78. Suppose 2*x = 3*x - f. Let n = 9 + 0. What is the highest common divisor of x and n?
9
Suppose 5*d - d + 64 = 5*y, 4*y + d = 47. What is the highest common divisor of y and 6?
6
Let t(l) = 250*l + 3. Let h be t(1). Let i = 0 - -3. Suppose -i*r = -6*r + 69. Calculate the greatest common divisor of h and r.
23
Suppose 2*j - 18 = -0*j. Calculate the highest common divisor of j and 1.
1
Let h(x) = x**2 - 11*x + 4. Let w be h(13). Calculate the greatest common factor of w and 30.
30
Let t be (-10)/1*-1*2. Let o(r) = -r**3 - 10*r**2 - 9*r. Let a be o(-9). Suppose j + 3*j - 20 = a. Calculate the highest common factor of t and j.
5
Suppose -3*b + 0*b = -1575. Suppose 9*f - b = 4*f. Calculate the greatest common factor of 15 and f.
15
Let s be -3 - (0 + -9 + 0). Suppose -3*v + 4*w = 6*w - 40, w - 2 = 0. What is the highest common divisor of s and v?
6
Let b be (-2 + 7)/(2/4). Suppose -k = 3*c - 13, -2 = -4*k - 2*c + b. Calculate the greatest common divisor of 11 and k.
1
Suppose j = -j + 210. Calculate the greatest common divisor of 15 and j.
15
Let o = 6 - 10. Let s = o - -18. Let t be 4/((-8)/((-12)/3)). Calculate the greatest common factor of s and t.
2
Let f = -5 + 2. Let v be 10/6 - (-2)/f. Let r be -7 + 7 - -7*v. What is the highest common factor of 7 and r?
7
Suppose -a - 27 = -2*a. Let h(x) = 2*x - 5. Let n be h(4). Suppose -3*j = 3*k - 9, -j + n*j + k = 6. What is the highest common divisor of j and a?
3
Suppose 0 = 6*o - 83 - 163. Let f be o + 2*(-2)/4. What is the greatest common divisor of 5 and f?
5
Let y(m) = m**3 + 11*m**2 + 7*m - 12. Let a be y(-10). Suppose -2*p - p = -a. What is the highest common factor of p and 66?
6
Let y = 10 + -7. Suppose 0 = u - 2, -6 = -3*q + y*u - 0*u. Let h = q + 28. What is the highest common divisor of h and 16?
16
Let s be 1 - (-2 + 2 - 0). Suppose 4*o = -8*o + 108. Calculate the greatest common divisor of s and o.
1
Suppose 3*c = 2*h - 242, h = -2*h + c + 370. Let q = 94 - 59. Let r be 10/q - h/(-7). What is the highest common factor of 27 and r?
9
Let i(u) = -2*u + 6. Suppose 5*r + b + 57 = -3*b, r + 12 = -b. Let l be i(r). What is the greatest common factor of 8 and l?
8
Suppose 5*c = 3 + 2. Let j be (0 - 1)/(c/(-39)). Calculate the highest common factor of j and 26.
13
Let v(u) = 6*u**2 - u - 1. Let m be v(-4). What is the highest common factor of 11 and m?
11
Suppose 4*j - 2*y - 17 = 3*j, -4*j + 62 = -2*y. Calculate the greatest common divisor of j and 120.
15
Suppose 3*m + 48 = 3*n, 0*m + 5*m = n. Suppose -2*h + 8*h - 48 = 0. Calculate the greatest common factor of h and n.
4
Let y be (72/15)/(1/5). What is the highest common divisor of 6 and y?
6
Suppose -4*o = 5*f - 169, 10*o + f = 5*o + 227. Let p be (17 + (3 - -3))/(1 - 0). What is the greatest common divisor of p and o?
23
Let y be 1*15 - (3 - 3). Calculate the greatest common factor of y and 15.
15
Let d = -2 - -1. Let u be (-181)/1*(d - 1). Suppose -t + 2*o = -49 - 27, 5*t - o = u. What is the greatest common factor of t and 8?
8
Let u(h) = -h - 9. Suppose -3*r = 4*j + 46, r + 8*j - 5*j + 22 = 0. Let t be u(r). What is the highest common divisor of t and 11?
1
Suppose 9 = -2*o + 5*g, -5*g = -o + 4*o - 24. Let m be 18/((-3)/3 + o). Calculate the highest common factor of 36 and m.
9
Suppose 4*c = 0, -4*d - 3*c = -2*c - 20. Suppose -7*x + 30 = -2*x - d*b, 0 = b - 4. Suppose -10 - 110 = -4*v. Calculate the highest common factor of x and v.
10
Let t be (-14)/63 - (-155)/9. Let o = t + -12. Calculate the greatest common factor of 20 and o.
5
Let g = -1 - 0. Let h = g - -14. What is the highest common factor of h and 13?
13
Let p be (0 - 4)*1 - -2. Let t be 16*((-6)/4 - p). Suppose t*v - 5*r - 101 = 5*v, 5*v + 3*r - 157 = 0. What is the highest common factor of 4 and v?
4
Suppose -77 = -5*p - 3*c, 3*c - 2 = 2*p - 37. Calculate the highest common factor of 80 and p.
16
Let v = -9 - -15. Suppose -3 = -3*h - v. Let r = 9 - h. Calculate the greatest common factor of r and 10.
10
Suppose x - 6 = -p, -x - p + 5*p + 21 = 0. Suppose -o + 32 = -49. What is the highest common divisor of o and x?
9
Let s be 0 + (-100)/((-8)/4). Suppose 6*y = y + s. Calculate the greatest common factor of y and 40.
10
Let w = -66 - -104. What is the highest common factor of 19 and w?
19
Suppose 3*d - 77 = -r - 3*r, -5*d - 2*r + 133 = 0. Suppose 1 = -q, -4*f = 3*q - 5 - 28. What is the highest common factor of d and f?
9
Let s be (-2)/(-5) - 436/(-10). Suppose -3*k = k - s. Let q(w) = -9*w - 12. Let r be q(-5). Calculate the greatest common factor of r and k.
11
Let c = -151 + 213. Calculate the highest common factor of c and 155.
31
Let m be (36/16 + -1)/((-2)/(-448)). What is the highest common factor of 40 and m?
40
Suppose 4*g = -2*z + 724, 0 = -5*g - 2*z + 380 + 526. Calculate the highest common factor of 26 and g.
26
Suppose -g = -6*g + 400. Calculate the highest common divisor of g and 16.
16
Suppose -5*f + 19 = -l, -4*f - 5*l - 7 = -28. Suppose -k + 2 = 0, -f*k = -z - 3*z - 8. Suppose t = -z*t + 28. What is the greatest common factor of 7 and t?
7
Let p(j) = -j**3 - 12*j**2 - 10*j + 2. Let w be p(-11). Let g = w + 23. Calculate the greatest common divisor of g and 56.
14
Suppose 2*l + 4*l - 36 = 0. Calculate the greatest common divisor of 2 and l.
2
Let t = 2 - 5. Let o be 1 + -67*t/3. What is the greatest common divisor of o and 17?
17
Suppose -4*i + 453 = 5*q - 197, 0 = q + 5*i - 151. Calculate the highest common factor of 84 and q.
42
Let o = 26 - 24. Suppose 5 = -g + 1, 5*m - o*g - 863 = 0. Calculate the greatest common factor of 19 and m.
19
Suppose -5*b - 1 - 74 = 0. Let c = b - -26. Suppose 35 - c = 3*h. What is the greatest common factor of 4 and h?
4
Suppose -5*b + 96 + 54 = 0. Suppose 2*o - b = -6. Suppose 2*g + 3*z = -7, 4*g = -z + 9 + 2. Calculate the greatest common factor of o and g.
4
Let i = 81 + -74. Suppose s = -3*g + 10, 9*s = 4*s - 5*g. Let j = s - -12. Calculate the greatest common divisor of i and j.
7
Suppose -4*m + f + 672 = 4*f, -509 = -3*m - f. Calculate the greatest common divisor of m and 19.
19
Let d be 20/6*12/5. Let n = 23 + 17. What is the greate